**2 - 3*t + 1. Let s(h) = h**2 + 5*h + 6. Let i be s(-4). Suppose d - 3 - i = 0. Let o(z) = -z + 7. Let p be o(d). What is b(p)?
-9
Let h(f) = 3*f - 2. Let j be 1 + 5/(-6) + 182/(-12). Let v be (-3 - 1/3) + 10/j. Determine h(v).
-14
Let a(x) = -14*x**2 + 3*x + 7. Let u(z) = -11*z**2 + 2*z + 6. Let c(d) = -4*a(d) + 5*u(d). Give c(-3).
17
Let n = -12 + 5. Suppose -4 = -2*d - 0. Let y(k) = -4 + 8*k + 6 + 2 + k**d. Determine y(n).
-3
Let b(u) be the first derivative of -u**4/4 - 11*u**3/3 + 13*u**2/2 + 4*u - 339. Determine b(-12).
-8
Let n(x) = -3*x + 88. Let d be (-12)/(-20)*(-52 - -102). Calculate n(d).
-2
Let k(i) = 4*i**2 + 4*i + 6. Let h(z) = -z**3 - 5*z**2 + z + 10. Let w be h(-2). What is k(w)?
54
Let k(o) = o**3 + 3*o**2 - 2*o - 2. Suppose 0 = 2*a - 10 + 4. Suppose -i - i - 6 = -a*y, 4*y = -3*i + 25. Let n = y - 8. Give k(n).
-10
Let d(i) = -2*i**2 - 4 + 6 - 8*i + i. Give d(-5).
-13
Suppose 9*s = -17*s + 156. Let p(f) be the second derivative of f**4/12 - 2*f**3/3 - 3*f**2 + 2*f. Give p(s).
6
Let r be (-51)/(-85)*10/2. Let d(p) = 1 + 3*p - 2*p - p - r*p. Let u be -1*-2*(-1 + 0). What is d(u)?
7
Let y be 16/6*2*(-27)/36. Let o(l) = -l**2 - 5*l + 9. Give o(y).
13
Let x(g) be the third derivative of 1/24*g**4 + 0 + 11*g**2 + 1/6*g**3 + 2*g. Suppose 20 = -5*j - 0. Give x(j).
-3
Suppose -96 = 40*r - 24*r. Let y be 0 + 0 - (3 - 5). Let o(f) = 6 - 2*f + y*f - f. What is o(r)?
12
Let u(t) = -13*t - 1. Let j be (-8)/(-12)*(-36)/(-8). Suppose 9 = 3*a - j*w, -6*w - 7 = -a - w. Suppose 4*n + 2*y + a + 0 = 0, -3*y = 3*n + 6. What is u(n)?
-14
Let s be (-19 - -19)/(4/(-6)*3). Let f(a) be the second derivative of -8*a**2 + 4*a + 0 - 1/6*a**3. What is f(s)?
-16
Let u(i) = i - 7. Let x be u(8). Let a be (-27)/(-36)*(x + 3). Let c(m) = -m**2 + 2*m - 1. Determine c(a).
-4
Let d(v) = 1 - 2*v - v - 5*v + 9*v. Let k(n) = -2*n - 6. Let b(q) = 3*d(q) + k(q). Calculate b(-4).
-7
Let u(n) = -n**2 + n + 1. Suppose 5*l - 2 = 13. Suppose 6*f + 81 = -l. Let p = f + 12. Determine u(p).
-5
Let q = -3 - -1. Let o(s) = -27 + 53 - 30 - 2*s. Let l(c) = -4*c - 9. Let t(d) = 2*l(d) - 5*o(d). Determine t(q).
-2
Let b(t) = 3*t - 2. Let j(f) = -f**3 - 13*f**2 - 24*f - 22. Let r be j(-11). Give b(r).
-2
Suppose -v - 70 + 81 = -4*o, 2*v + 3*o = 0. Let h(f) be the second derivative of 1/4*f**4 + 0*f**2 + 0*f**v - 5*f + 0. Determine h(-2).
12
Suppose 66 = 61*l - 55*l. Let t(p) = p**2 - 11*p. Calculate t(l).
0
Let r = 15 - 9. Let s(j) be the first derivative of -j**5/30 + 3*j**4/8 - j**3/3 - 7*j**2/2 - 7. Let l(v) be the second derivative of s(v). Give l(r).
-20
Let y(n) = n**3 + 10*n**2 + 7*n - 10. Let u be y(-9). Let b be (-10)/((-7)/(28/u)). Let c(d) = 0*d - 2*d + 7 - 7. Determine c(b).
-10
Let l(n) = -4*n. Let g(t) = -t**2 + 2*t - 2 - 2*t + 8. Let h be g(-6). Let b = -31 - h. Calculate l(b).
4
Let m(p) = -12*p - 6*p**2 + 2*p**3 - p**3 + 3*p**2 + 11*p - 4. Suppose x = -6 + 11. Suppose -4*y - 2*b + 12 = 0, -x*y + 4*b + b + 15 = 0. Give m(y).
-7
Let d(h) = h**2 + 4*h + 3*h - h**3 - 6*h + 1. Suppose 3*y - s = -12, -5*y = -4*y - 2*s + 14. What is d(y)?
11
Suppose -x + y = 7, -5*y - 20 = 2*x - 9*y. Let m(b) be the first derivative of -b**4/4 - 4*b**3/3 - 2*b**2 - 4*b + 2. Give m(x).
12
Suppose -3*p - 2*p + 5 = 4*k, -4*k + 5*p - 45 = 0. Let m(l) be the third derivative of 0 + 0*l - 7/6*l**3 + 1/8*l**4 - 32*l**2 + 1/60*l**5. Determine m(k).
3
Let g(t) = t**3 - 7*t**2 + 5*t - 1. Suppose -3*s - k + 41 = 0, 3*s = -3*k + 8*k + 29. Suppose -31 + s = -3*f. Determine g(f).
-7
Let b(w) = 3*w**2 - w - 4. Let u be 7 + (-39)/13 + 0. What is b(u)?
40
Let h(n) be the third derivative of n**5/30 - n**4/6 - 5*n**3/6 - 5*n**2 - 9. Determine h(4).
11
Suppose 0*n + 140 = 14*n. Let j(w) = -2*w + 12. Calculate j(n).
-8
Suppose 6*g = g + 15. Let r(w) = 8*w**g - w**3 + 3*w**3. Give r(-1).
-10
Let w(c) = -c**3 + 2*c**2 + 2*c + 2. Let h(p) = 5*p**2 + 5 - 26*p**3 + p + 23*p**3 + 4*p. Let q(x) = 2*h(x) - 5*w(x). Let b be (-1)/2*0/(-4). Calculate q(b).
0
Let h(g) = g**3 + 9*g**2 + 10*g + 5. Let x = 93 - 101. Determine h(x).
-11
Let r(y) = -3*y**3 - y**2 + 1. Suppose 2*x - d - 2 = 0, -d + 0*d + 1 = x. Suppose 2*m + 5*c = 13, m + 4*m - x = -2*c. Calculate r(m).
3
Let t be 2 + (-56)/35 + 6/10. Let a(x) = -6 + t - 5*x + 3*x + 4 + x**2. Give a(5).
14
Let h(i) = 9*i + 71. Let t be h(-7). Let y(m) = 2*m - 12. Give y(t).
4
Let y(x) = 10*x + 1. Let s(v) = -v - 2. Let t be s(-5). Let m be -1 + (-4)/(4/(-3)). Suppose -m = -n + t*n. What is y(n)?
-9
Let l(h) = h**3 - 4*h**2 + 3*h. Let m(x) = x - 1. Let g(k) = -l(k) + 6*m(k). Give g(5).
-16
Suppose -116*g + 3*u - 36 = -112*g, -2*g = 2*u + 18. Let w(s) be the second derivative of s**4/12 + 4*s**3/3 - 9*s**2/2 - 2*s. Give w(g).
0
Let d be ((-9)/4)/((-1)/4). Let f(k) = -2*k + 2*k + k + d. Suppose 10*p + 11*p = -60*p - 567. Calculate f(p).
2
Let f(z) = -z - 5. Let t = 407 - 416. What is f(t)?
4
Let a(g) = 3*g + 20. Let n be (-56)/126 + 68/(-9). Calculate a(n).
-4
Let b = -43 + 90. Let x(h) = -47 - 2*h + b + h. Let k be (-6)/(-2) - (-2 + 0). Give x(k).
-5
Let s(v) = -v + 6. Let f(n) = -52*n**2 - 2*n - 4*n + 53*n**2. Let y be f(6). Give s(y).
6
Let m be (2 - 5)/(12/(-44)). Suppose 2*y - m + 1 = 0. Let r(v) = 1. Let b(d) = d - 3. Let t(a) = y*r(a) + 2*b(a). Determine t(2).
3
Let x(w) = -3 + 5*w + 7 - 5 + 13*w - 5*w. What is x(1)?
12
Let m(a) = -17*a + 10. Let u(c) = -25*c + 13. Let g(n) = 9*m(n) - 7*u(n). Suppose -4*b + 4 = z - 1, -5*b - 4*z = -9. Give g(b).
21
Let p(k) = -k**2 - 8*k - 4. Let g(i) = 22*i**2 - 154*i - 8. Let w be g(7). Calculate p(w).
-4
Let c(t) = -2*t + 6. Let n be c(-4). Let q(r) = r**2 - 6 + 7*r - n*r + 0*r**2. What is q(6)?
-12
Let t = -1 + -8. Let w be (8/6)/(-4)*t. Let h(j) = 17*j + 18. Let o(r) = 11*r + 11. Let n(m) = -5*h(m) + 8*o(m). Calculate n(w).
7
Let p(l) = -4*l**2 + 19*l - 46. Let m(b) = b**2 + 2. Let k(v) = 3*m(v) + p(v). Determine k(17).
-6
Let j(u) = 11*u**2 - 7*u + 19. Let z(y) = -5*y**2 + 3*y - 9. Let a(r) = 6*j(r) + 13*z(r). Let b be ((-4)/(-5))/(2/25). Suppose -w + b = w. Calculate a(w).
7
Let m be (-10)/175 - 117/(-210). Let o(g) be the first derivative of -1/3*g**3 - 3 + m*g**2 - 8*g. Give o(0).
-8
Let b(i) = -i**3 - 11*i**2 - 10*i + 5. Let k(h) = h**2 + 9*h - 2. Let o be k(-8). Calculate b(o).
5
Let w(k) = 2*k - 1. Let g be 1339/(-195) - (-1 - 17/(-15)). Calculate w(g).
-15
Let l(y) = 19*y**2 - 1. Suppose -14 = -c - 6*g + g, 22 = -3*c + g. Let i be ((-12)/(-36))/(2/c). Give l(i).
18
Let b(r) be the third derivative of -r**6/120 + r**5/12 - r**4/24 - 2*r**3/3 - 9*r**2. Suppose 14*w - 104 = -48. Give b(w).
8
Let g = -40 + 55. Let k(c) = 26 - 10 + c - g - 18*c**2. Give k(-1).
-18
Let x(z) be the third derivative of -z**5/60 - 7*z**4/24 - z**3/3 - 5*z**2. Let b be (-6)/(-7)*(10 + -17). Calculate x(b).
4
Let m(k) be the second derivative of 0 + 6*k**2 - 12*k + 1/6*k**3. Give m(0).
12
Let h(t) = -t**2 + 6*t + 32. Let z be h(10). Let u(c) = -2*c - 3. What is u(z)?
13
Let k(o) be the third derivative of o**5/60 + o**4/3 - o**3/3 - 2*o**2 + 15*o. Let n(h) = -h**2 - 8*h + 2. Let f(g) = -5*k(g) - 4*n(g). What is f(-8)?
2
Suppose 7*t - 40 = 58. Let j be (t + 1)/(-5) + 4. Let z(m) = j - 2*m - m + m. What is z(-2)?
5
Suppose 10*u - 80 = -6*u. Let v(y) = y**2 - 11*y + 7. Determine v(u).
-23
Let v(n) be the second derivative of 5*n + 0 + 0*n**2 - 1/20*n**5 + n**3 - 1/3*n**4. Let b be 4/8*(2 - 36/3). Determine v(b).
-5
Let u(q) = -q**3 - 7*q**2 - 2*q. Let o be -1*(-5 - ((-4)/(-1) - 16)). Calculate u(o).
14
Suppose 0 = -2*b + n + 14, -5*b + 48 - 15 = -2*n. Let u(p) = b - 1 + p**2 + 3*p - 6. Calculate u(3).
16
Let v(q) = -9*q + 2. Let r(i) = -8*i + 2. Let t(p) = 4*r(p) - 3*v(p). Let s(x) = 9*x - 4. Let l(w) = -3*s(w) - 5*t(w). Calculate l(-3).
8
Let m(h) = h**3. Let i(d) = 5*d**2 - 24*d**3 + 17*d**3 - 5 + d + 6. Let t(n) = i(n) + 6*m(n). What is t(5)?
6
Let a(d) = d**3 - 3*d**2 - 17*d + 43. Let h be a(4). Let v(o) = -5*o + 13. Give v(h).
58
Let h be 2/(-3) - (-4 + (-102)/18). Let r(m) = 28 - 22 + m**3 + 6*m**2 - h*m - 16. What is r(-7)?
4
Let v(l) = -3*l**2 + l**3 + 2*l**2 - 4 + 0*l**3 - 3*l. Suppose -218*j = 132*j - 58*j - 876. Determine v(j).
5
Suppose 2*n - 10 = 4. Let r(k) = 82*k + 0 + 6*k**2 - 5*k**2 + 2 - 172*k + 83*k. What is r(n)?
2
Suppose c = -f +